6). Let h be p(i). Suppose 4*o = 3*o - h. Calculate q(o).
5
Suppose 2*l + 3*l - 124 = 4*n, 3*l - 2*n - 76 = 0. Suppose -l = 4*z - 0*r - 4*r, 4*r = 8. Let f(k) = 4*k - 6 - 2*k**3 - 2*k**3 + 6*k**2 + 5*k**3. Give f(z).
-1
Suppose -5*t - 4 = -3*c + 4, -10 = 5*t - 5*c. Let w be t/(-1 + 0/1). Let r(i) = -10*i + 3*i + 12*i. Determine r(w).
5
Let u(n) = n**3 - 2*n**2 - 2*n - 2. Suppose -63 = -4*g - 2*q - 17, 0 = 3*q - 9. Suppose -g = -4*a + 2. Determine u(a).
1
Let w = 1195 - 1195. Suppose 2*s = 2*q - 6, -2*s - 2*q + 11 - 1 = 0. Let d = w - s. Let f(u) = 3*u**3 + u**2 + u. Calculate f(d).
-3
Let i be 48/80 + ((-12)/5)/4. Let a(c) be the second derivative of i + c + c**2 + 1/6*c**3. Give a(5).
7
Suppose -23 = -3*r + 2*k, -5*k + 16 = r - 20. Let p = r - 16. Let x(n) = 6*n**2 - n**3 + 7*n**3 + 8*n - 2*n**3 - 3*n**3 + 4. Calculate x(p).
-11
Let a(w) = -2 - 11*w + 3*w + 16*w. Let v be a(1). Let x(f) be the first derivative of f**2/2 - 8*f + 1. What is x(v)?
-2
Let x(n) = n**2 + 5*n + 6. Suppose -f + 31 = 8. Suppose -22 = -5*r + f. Suppose r + 11 = -4*y. Give x(y).
6
Let l(n) be the third derivative of n**5/30 + n**4/3 + n**3 + 40*n**2 + 8. Determine l(-5).
16
Let k(y) = 9*y**3 - 21*y**2 + y + 27. Let m(q) be the second derivative of -q**5/4 + 11*q**4/12 - 7*q**2 - 10*q. Let b(f) = -6*k(f) - 11*m(f). What is b(-6)?
-8
Let n(f) = -f**3 - 10*f**2 + 11*f + 9. Suppose 20 = -4*b, -u = -5*u - 3*b - 59. Determine n(u).
9
Suppose 2*x + 10 = 2*j, -5*x - 3 = 7. Let q(s) = 10*s - j - 6*s + 1 - 7*s. What is q(-2)?
4
Let p(n) = -n + 7. Let f be -7 + (8 - 8 - (-2)/(-2)). What is p(f)?
15
Let t(p) = -2*p**2 + 3*p - 1. Let b be (-2 + (-5)/(-2))*0. Let u = -17 + 19. Let s = u + b. Determine t(s).
-3
Let o(m) = 6*m - 1. Suppose -i = -1, 0 = -3*s - 4*i - 1 - 13. Calculate o(s).
-37
Let o(a) be the third derivative of a**6/120 - 11*a**5/60 + a**4/2 + a**3/3 + a**2. Let b be o(10). Let i(u) = u + u + b - 10 - 10. Determine i(-2).
-2
Let t(h) = -2*h - 7*h**3 - 4*h**2 + 3*h**2 - 5*h. Let k = -8 + 14. Let p(a) = -a**3 - a**2 - a - 1. Let r(b) = k*p(b) - t(b). Calculate r(5).
-1
Let w(u) = u**2 + u - 2. Let r(t) = -2*t + 8. Let b be r(-10). Suppose 0 = 5*o - b + 8. Determine w(o).
18
Let p(b) = -b**2 + b + 5. Suppose -2*q + 5*h = -0*q - 7, q - h - 2 = 0. Let u be (0/(-6))/(q - 3). Give p(u).
5
Let m(r) = 30*r - 11. Let t(l) = 15*l - 6. Let o(x) = 3*m(x) - 5*t(x). Let s(u) = 8*u - 2. Let y(h) = -4*o(h) + 7*s(h). What is y(-3)?
10
Let o(m) = 208 - 417 - m + 215 - m**2. What is o(-5)?
-14
Let m = -8 + 3. Let t(p) = 974 - 976 + 10*p - 11*p. Calculate t(m).
3
Let k(s) be the first derivative of s**4/4 - 5*s**3/3 + 3*s**2/2 + 4*s + 7. Suppose -3*q + 4 = -q. Let c = 6 - q. Determine k(c).
0
Let o(b) = 2*b. Let g be (-4)/(-4)*(-1 + -3 + 4). Determine o(g).
0
Let q(f) = -f - 29. Let i(k) = -10. Let h(g) = 3*i(g) - q(g). What is h(-5)?
-6
Suppose -1 - 15 = -4*o. Suppose 2*z = u + 9, -o*z - 3*u = -0 + 7. Let j(q) = 0*q**2 + 2*q**z - 4*q + 3 + 12*q**3 - 11*q**3 + 3*q**2. Give j(-6).
-9
Let z(y) be the third derivative of 0 + 0*y**3 + 0*y + 4*y**2 - 1/8*y**4. What is z(-1)?
3
Let o(w) be the second derivative of 7*w**6/720 - w**5/120 - w**4/12 + w. Let u(j) be the third derivative of o(j). Suppose s + 0 = 2. Determine u(s).
13
Let y(p) = -p**2 + 24. Suppose 3*g - h - 20 = 0, -2*h - 15 = 3*g - 4*g. Determine y(g).
-1
Let f(i) = 7*i. Let r(y) = -y + 1. Let g(p) = f(p) + 6*r(p). Let q be 26/4 - 4/8. Let b = 6 - q. Give g(b).
6
Let z(d) = -10*d + 5. Let w(m) = -1. Let o be -1 - (0 + -3 + 2 + 1). Let b(q) = o*z(q) - 4*w(q). What is b(-1)?
-11
Let v(y) = -1 - 6*y + 4*y + 4*y**2 - 6*y**3 + 5*y**3. Let n(o) = -3*o**2 - 21*o + 3. Let s be n(-7). What is v(s)?
2
Let f be 3*((7 - 10) + 2/(-6)). Let j(m) = 3*m + 28. Let b be j(f). Let k(q) = q + 1. Give k(b).
-1
Let g(o) = -o**3 + 4*o**2 + 6*o - 7. Let x be 3/2*28/(-21). Suppose 4*j - 18 = y, 0 = -j + 3*y + 9 + 1. Let a be ((-70)/j)/7*x. Determine g(a).
-2
Let h(m) = -m**2 + 12*m + 10. Let r be (-4)/(-4) + (7 - 3 - -7). Determine h(r).
10
Let v(a) = 20*a**3 - 9*a**2 + 10 + 6*a**3 - 25*a**3. What is v(9)?
10
Suppose 4*w + c + 4*c - 8 = 0, -5*w = -5*c - 10. Let d(v) = -6 - 1 + v - w*v. Suppose 4*q + 107 = 131. What is d(q)?
-13
Let q(o) = 2*o**3 - o**2 + 4*o - 2. Let i be q(1). Let h(k) be the second derivative of i*k - 1/2*k**2 + 0 + 1/3*k**3. Give h(2).
3
Let z(b) = -5*b + 5. Suppose 80 - 50 = -5*h. What is z(h)?
35
Let l(j) = 9*j**3 - 11*j**2 - 2*j + 3. Let n(a) = -14*a**3 + 11*a**2 + 3*a - 3. Let p(h) = 3*l(h) + 2*n(h). Give p(-11).
3
Let c(d) = d. Suppose 3*q - 6 = q. Suppose -q*z - 2*l - 7 = 1, 2*z - 2*l = -12. Let g be -2 + z*2/(-4). What is c(g)?
0
Let b(g) = 0 - 90*g**2 + g**3 + 0 + 0*g**3 - g + 92*g**2. Give b(-2).
2
Suppose -3*p - 2 + 11 = 0. Let o(l) be the second derivative of -l**5/20 + l**4/4 + l**3/2 + l**2/2 + 71*l. Calculate o(p).
10
Let b = -4 + 10. Suppose -2*w - 3*g - g = -16, w - 6 = -4*g. Let v(y) = -w*y**2 + 7 - y**3 + 7*y**2 + 4*y + 8*y**2. Give v(b).
-5
Let k be 65/4 - ((-24)/(-32))/3. Let f(y) = y**2 - 14*y - 33. Determine f(k).
-1
Let c(t) = 3*t - 3. Let x be c(-5). Let a be (-213)/x + 2/12. Suppose 6*l - 8*l = -a. Let s(w) = 4*w - 9. What is s(l)?
15
Let h(d) = -1 + d**3 + 0 + 2 + 5 + 6*d**2. Let x(u) = u**2 + 15*u + 38. Let b be x(-11). Calculate h(b).
6
Let g(w) be the first derivative of -w**3/3 - 5*w**2 + 4*w + 146. Determine g(-10).
4
Let d(r) = -19 - r + 1 + 8 + 9. Give d(-3).
2
Let k(p) = -3*p + 7. Suppose -5*d + 28 = -45*z + 41*z, 3*d = 3*z + 18. Calculate k(z).
13
Let v(d) = d**2 + 4*d. Suppose 0 = -4*c - 3*l + 75, -4*c + 2 + 33 = -5*l. Suppose z + c = -2*z. Calculate v(z).
5
Let v = -31 + 31. Let q(i) = i**3 - 15. Calculate q(v).
-15
Suppose 6*s + 3*l - 33 = 4*s, -4*l = 4*s - 56. Let v(d) = -4*d - 3 + 8 - 7*d + d**2. Give v(s).
-13
Suppose 8*k - 4*k - 32 = 0. Let s(x) = -x + 4. Let l(m) = -3*m + 14. Let b(t) = l(t) - 4*s(t). Determine b(k).
6
Let t = -1 - 0. Let c be (-2 + -3)/(0 - t). Let z(y) = y**2 - 7*y + 17. Let i(n) = -2*n**2 + 7*n - 27. Let b(o) = 2*i(o) + 3*z(o). Calculate b(c).
7
Let u be 1*12 - 16/(-16). Let g(f) = 5*f - u + 2 - 2*f + 7*f. Let t(w) = -5*w + 5. Let n(y) = 6*g(y) + 13*t(y). Give n(-2).
9
Let d(b) = -2*b**2 - 5*b - 11. Let y(o) = o**2 + 1. Let w(l) = l**3 + 10*l**2 + 11*l + 19. Let h be w(-9). Let p(g) = h*d(g) + 3*y(g). Determine p(6).
-2
Let j(z) be the first derivative of -3*z**2/2 - 13*z - 98. Determine j(-6).
5
Let n(v) = 2*v + 3. Let k(j) = -j - 1. Let q(c) = 9*k(c) + 4*n(c). Let t = -38 + 23. Let z = -15 - t. Determine q(z).
3
Let n(k) be the third derivative of -k**5/60 - k**4/4 + 7*k**3/6 + 3031*k**2. Suppose q + 5 = -2. Let o = 0 + q. Determine n(o).
0
Let y(g) = -g**3 + g**2 - 30. Let k(r) = -r**3 + 17*r**2 - 18*r + 32. Let v be k(16). Give y(v).
-30
Let o(v) = -v**3 - v**2 - v + 34. Suppose 30*y = 34*y - 4*q + 20, -20 = -5*y - 4*q. Calculate o(y).
34
Suppose -3 = -2*v + 3*l, -3*v = l + 3*l - 13. Let y(j) be the first derivative of 3*j**2/2 + 1. Calculate y(v).
9
Let p(c) = -c**2 + 12*c - 36. Let w be p(8). Let s(n) = n**2 + 5*n + 8. What is s(w)?
4
Let v be 141/188 - (-9)/4. Let g(b) = 5*b**2 - 7*b - 6. Let o(t) = -3*t**2 + 4*t + 3. Let r = -17 - -10. Let l(y) = r*o(y) - 4*g(y). Give l(v).
12
Let i(f) = 2*f - 1. Let o be i(2). Let v(c) = 2*c + 5 - 2*c**2 + 6*c**2 + c**3 - o*c. Suppose -3*a = w - 8*a - 6, 4*w = -5*a - 26. Give v(w).
9
Let b(r) = -r**2 - 5*r + 2. Let h be b(-5). Let p(d) = 4 + d + 4 - 6 + 0 - 5*d**2. Give p(h).
-16
Let t(d) be the first derivative of -1/12*d**4 + 8 + 0*d - 1/30*d**5 - 1/2*d**3 + 11/2*d**2. Let x(j) be the second derivative of t(j). Determine x(-2).
-7
Let k(x) = -21*x + 3. Let u(r) = -10*r + 1. Let m(s) = -6*k(s) + 15*u(s). Determine m(-2).
45
Let x(r) = -r**2 + 13*r - 13. Let h be 11 + 1 + -3 - -1*2. What is x(h)?
9
Let l(q) = 18546 - 3*q - 18546. Let n = -2 + 0. Determine l(n).
6
Let h be ((-50)/15)/(4/(-6)). Suppose h = -l - 4*l. Let j(i) be the first derivative of 7*i**3/3 + i + 90. Give j(l).
8
Suppose 5*c = -t + 2*t + 6, 5*c = 3*t - 2. Let r(p) = -51*p + 2*p**2 + 3*p**c - 6*p**2 + 53*p + 3. Let a = 4 - 1. Determine r(a).
0
Let l(p) be the second derivative of p**4/12 - 4*p**3/3 - p**2 - 110*p + 1. Give l(6).
-14
Let x(h) = -h**2 + 8*h - 14. 